-3).
446
Let o(q) = 2*q**2 - 924*q + 72669. What is o(364)?
1325
Let z(m) = -2*m**2 - 163*m - 967. Determine z(-75).
8
Let d(o) = -o**3 - o**2 + 15703*o + 8. Give d(0).
8
Let n(r) = 712*r - 236453. Calculate n(332).
-69
Let m(t) = -5*t**2 - 215*t + 86. Determine m(-43).
86
Let g(b) = -227*b**3 + 2499*b + 5001. Calculate g(-2).
1819
Let n(l) = 293*l**2 - 1534*l + 70. Determine n(5).
-275
Let s(v) = 4*v**3 - 101*v**2 + 20*v + 13. Calculate s(25).
-112
Let p(o) = 159*o + 10917. Determine p(-72).
-531
Let s(f) = -41*f**2 - 10842*f - 4797. Determine s(-264).
-45
Let k(r) = r**2 + 15084*r - 665989. Calculate k(44).
-357
Let s(r) = -r**3 - 6*r**2 - 4*r + 2303. Determine s(0).
2303
Let r(q) = -q**3 + 19*q**2 + 454*q + 21. Determine r(30).
3741
Let c(q) = -4*q**3 + 1202*q**2 + 626*q - 7179. Give c(301).
45
Let z(x) = x**3 + 19*x**2 - 240*x - 3320. Calculate z(-14).
1020
Let k(y) = -64*y**2 - 439*y - 386. Calculate k(-1).
-11
Let p(r) = 16*r**3 + 9*r**2 + 52*r - 661. Give p(5).
1824
Let n(s) = -s**2 - 1046*s + 60770. Give n(56).
-942
Let l(w) = -2*w**3 + 42*w**2 - 65*w + 4111. Give l(24).
-905
Let d(x) = -x**2 - 63*x - 308. Calculate d(-27).
664
Let y(x) = -x**3 + 76*x**2 - 1446*x + 153. Give y(37).
42
Let h(b) = 53*b**2 - 5464*b + 501. What is h(103)?
-14
Let n(q) = 224*q - 44897. What is n(198)?
-545
Let v(g) = 354*g - 1580. Determine v(5).
190
Let g(a) = 1485*a + 121616. Determine g(-82).
-154
Let s(b) = -2*b**3 + 300*b**2 - 2544*b + 835. Determine s(141).
-11
Let z(n) = -n**2 + 21137*n - 759638. Calculate z(36).
-2
Let q(l) = 61*l + 74. Give q(-19).
-1085
Let y(u) = 10783*u + 2027198. Give y(-188).
-6
Let f(c) = 5*c**3 + 126*c**2 + 49*c + 488. Give f(-25).
-112
Let b(v) = -308*v**3 - 10*v**2 + 24*v - 22. Give b(2).
-2478
Let y(b) = 3482*b + 1640012. Determine y(-471).
-10
Let d(p) = -653*p**2 - 175*p. What is d(-1)?
-478
Let b(m) = 4*m**2 + 175*m + 150. Determine b(-43).
21
Let t(v) = v**2 - 1217*v + 30969. Determine t(26).
3
Let w(l) = 305*l + 28312. Determine w(-93).
-53
Let a(r) = -r**2 - 4883*r + 68547. Calculate a(14).
-11
Let m(d) = -341*d + 133338. Give m(391).
7
Let k(q) = 232*q + 3104. Determine k(-21).
-1768
Let x(z) = 2*z**3 - 27*z**2 + 53*z - 1468. What is x(15)?
2
Let a(o) = -3527*o - 203979. Calculate a(-58).
587
Let x(s) = 219*s - 42188. What is x(224)?
6868
Let h(d) = -d**3 + 455*d**2 - 17728*d + 4950. Determine h(412).
6
Let l(w) = -10*w**3 - 812*w**2 - 9888*w + 617. Determine l(-15).
-13
Let g(q) = -2*q**2 - 4589*q - 45674. Give g(-10).
16
Let j(t) = -2*t**2 + 907*t + 336583. Give j(-242).
-39
Let z(h) = 14*h + 3019. Determine z(-2).
2991
Let k(p) = -3*p**2 + 426*p + 9359. What is k(162)?
-361
Let v(y) = 484*y + 1009. Calculate v(-4).
-927
Let m(j) = 8*j**2 - 10371*j - 93531. Determine m(-9).
456
Let z(x) = -2*x**3 - 22*x**2 + 394*x + 4391. What is z(-12)?
-49
Let p(b) = 9*b + 3171. What is p(-354)?
-15
Let d(y) = -2*y**3 - 301*y**2 - 2*y - 1768. Give d(0).
-1768
Let w(t) = -2*t**3 + 86*t**2 + 595*t + 5208. What is w(50)?
-42
Let f(g) = 4*g**3 - 8*g**2 + 27*g + 150. Calculate f(6).
888
Let p(u) = -2857*u + 11383. Calculate p(4).
-45
Let x(c) = 3*c**3 - 141*c**2 + 954*c + 418. Give x(39).
1120
Let f(g) = 2*g**3 - 179*g**2 - 1259*g + 73506. Determine f(92).
-2
Let a(j) = 34460*j + 103367. Give a(-3).
-13
Let u(l) = -6*l**3 - 70*l**2 + 6*l + 130. Give u(-12).
346
Let l(w) = 6*w**2 + 184*w + 317. What is l(-29)?
27
Let i(f) = 22981*f - 505591. Determine i(22).
-9
Let z(y) = -2053*y + 102645. What is z(50)?
-5
Let l(v) = 524962*v - 525057. What is l(1)?
-95
Let y(k) = 327*k - 6459. Give y(17).
-900
Let j(k) = -3*k**2 + 3252*k - 67044. Give j(21).
-75
Let s(a) = -a**3 - 567*a**2 + 3706*a + 153588. Give s(-573).
24
Let r(h) = 15118*h - 891921. Give r(59).
41
Let g(i) = -708*i - 54017. What is g(-77)?
499
Let i(v) = 79*v**2 - 6398*v + 5. Calculate i(81).
86
Let y(k) = k**3 - 24*k**2 - 9*k + 845. Calculate y(23).
109
Let p(u) = -3*u**2 - 6932*u - 3620602. Determine p(-1513).
7
Let w(g) = g**3 + 240*g**2 + 1606*g - 177. What is w(-7)?
-2
Let d(a) = -3884*a - 159203. Determine d(-41).
41
Let w(m) = -42*m + 2628. Determine w(73).
-438
Let a(z) = -53*z**2 - 46*z + 10. Determine a(4).
-1022
Let o(w) = -w**3 + 483*w + 155. What is o(0)?
155
Let u(m) = -38*m**2 + 219*m + 5. Determine u(5).
150
Let l(x) = -2*x**3 + 14*x**2 - 8385*x + 93260. Give l(11).
57
Let p(k) = k**3 + k**2 - 1599*k - 8012. What is p(-5)?
-117
Let o(s) = 26*s**2 + 541*s + 2639. Calculate o(-13).
0
Let r(y) = 4*y**3 - 82*y**2 - 309*y - 651. Give r(24).
-3
Let q(m) = -m**3 - 20*m**2 - 26*m - 32. What is q(-20)?
488
Let y(o) = o**3 + 5*o**2 - 85*o - 490. Calculate y(-6).
-16
Let q(k) = 109*k - 5035. Determine q(58).
1287
Let y(m) = 3*m**3 + 21*m**2 + 22*m + 31. Give y(-9).
-653
Let x(k) = 539*k + 67344. Determine x(-125).
-31
Let w(f) = 75*f - 5209. Calculate w(67).
-184
Let h(z) = 420*z**2 - 18474*z - 72. What is h(44)?
192
Let a(p) = -1191*p + 7343. Determine a(6).
197
Let q(o) = o - 105. What is q(107)?
2
Let p(l) = 3066*l + 456844. Determine p(-149).
10
Let q(j) = 10*j**2 + 1473*j - 12449. Give q(8).
-25
Let w(d) = 18927*d + 303942. Give w(-16).
1110
Let f(g) = -50*g**2 - 3548*g - 1. Calculate f(-71).
-143
Let f(r) = -11*r**2 - 447*r - 1320. Calculate f(-3).
-78
Let z(f) = f**2 + 768867*f - 60746739. What is z(79)?
-5
Let d(s) = -36297*s - 2395610. Calculate d(-66).
-8
Let l(z) = -2*z**3 + 95*z**2 - 36*z - 1864. Determine l(47).
-1347
Let p(v) = -17493*v + 647256. Determine p(37).
15
Let j(a) = -1431*a - 472345. Determine j(-330).
-115
Let u(w) = 1128*w - 7462. Give u(6).
-694
Let g(o) = -27599*o - 2953085. Calculate g(-107).
8
Let a(i) = -54*i**2 - 13*i + 58. Give a(-7).
-2497
Let t(s) = -3*s**3 + 3554*s**2 - 10661*s + 66. Give t(3).
-12
Let y(j) = -2*j**2 - 235*j + 33. Give y(-120).
-567
Let p(h) = h**3 - 46*h**2 - 16725*h - 66091. Give p(-4).
9
Let g(y) = -157*y**2 + 3355*y - 1228. Calculate g(21).
-10
Let n(v) = 4*v**2 + 807*v - 8495. What is n(10)?
-25
Let d(b) = b**3 + 203*b**2 + 3662*b + 377. Give d(-183).
11
Let s(f) = 38*f - 983. Calculate s(29).
119
Let g(f) = 409*f**2 + 4093*f - 22. Calculate g(-10).
-52
Let m(a) = -3*a**3 - 113*a**2 - 195*a - 452. What is m(-36)?
88
Let f(a) = -485*a + 86016. Calculate f(177).
171
Let v(t) = t**3 - 129*t**2 - 124*t - 909. What is v(130)?
-129
Let k(s) = s**3 - 130*s**2 + 1927*s - 101. Calculate k(17).
1
Let w(n) = -3*n**3 + 10*n**2 - 558*n + 5643. Calculate w(10).
-1937
Let n(m) = -m**2 - 263*m + 1581. Determine n(6).
-33
Let y(c) = 2322*c + 7178. What is y(-3)?
212
Let t(f) = 4620*f + 203510. Give t(-44).
230
Let z(v) = 9*v**2 + 3010*v + 234078. Calculate z(-123).
9
Let o(f) = -2113*f + 3432. Give o(2).
-794
Let k(h) = -3*h**3 + 509*h**2 + 1001*h - 47. Determine k(-2).
11
Let r(f) = 654*f + 298. Determine r(0).
298
Let u(z) = -964*z + 376928. Calculate u(391).
4
Let f(o) = -o**3 + 169*o**2 - 16*o + 2498. What is f(169)?
-206
Let p(c) = 127*c**2 - 1512*c - 119. Give p(12).
25
Let a(k) = 3*k**2 - 838*k + 52066. Calculate a(187).
267
Let v(w) = 127*w**2 + 41*w + 26. Give v(2).
616
Let p(s) = 17146*s - 3172002. Determine p(185).
8
Let h(v) = -107*v - 3193. Give h(-29).
-90
Let z(y) = 4*y**2 - 578*y - 35060. Determine z(-46).
-8
Let b(m) = m**2 + 985*m - 2954. What is b(3)?
10
Let t(f) = -f**2 + 336*f - 26532. Give t(127).
11
Let j(c) = -260*c**3 + 7*c - 17. What is j(2)?
-2083
Let o(r) = 13*r**2 + 45*r + 54. Determine o(0).
54
Let w(n) = n**3 - 128*n**2 + 3836*n + 342. What is w(80)?
22
Let m(k) = -k**3 + 88*k**2 + 33001*k - 4585. Give m(-143).
-9
Let o(v) = -4*v**2 + 337*v + 2312. Determine o(92).
-540
Let h(o) = o**2 - 3780*o - 15140. Calculate h(-4).
-4
Let u(k) = -3*k**3 + 616*k**2 - 376*k + 35092. Give u(205).
37
Let q(d) = -d**3 + 66*d**2 + 360*d + 20. Determine q(-5).
-5
Let z(k) = 12*k**2 - 398*k - 362. Calculate z(34).
-22
Let u(a) = -a**2 - 496*a - 6863. Determine u(-14).
-115
Let h(q) = q**3 - 4*q**2 + 50*q + 23. Calculate h(-9).
-1480
Let i(v) = -v**3 + 94*v**2 - 698*v + 102. Determine i(86).
-758
Let r(p) = -3726*p + 1844366. Give r(495).
-4
Let h(y) = -5*y**2 - 65058*y + 195178. Give h(3).
-41
Let o(c) = -16*c**2 + 13*c + 209. Determine o(6).
-289
Let l(x) = -x**2 + 852*x - 28255. Calculate l(35).
340
Let z(c) = -76